 - 16332. Calculate the remainder when t(-6) is divided by k(10).
3
Let b(c) = -c**3 - 13*c**2 - 47*c - 49. What is the remainder when 612 is divided by b(-8)?
3
Suppose 66*g + 646 = 100*g. What is the remainder when 886 is divided by g?
12
Let o(l) be the second derivative of 0 - 6*l**2 + 16*l - 4/3*l**3 + 1/3*l**4. Calculate the remainder when o(5) is divided by 25.
23
Let d = 419 - 236. Suppose -a + 197 = d. What is the remainder when 110 is divided by a?
12
Suppose 0 = 29*r - 21*r. Suppose -4*f - 2*i = -0*f - 798, 4*f - 3*i - 773 = r. What is the remainder when f is divided by 40?
37
Suppose l - 7*l + 696 = 12. What is the remainder when 204 is divided by l?
90
Calculate the remainder when 1955 is divided by (-12)/14 + 15480/420.
11
Let k be (-1)/(-2) - (-670)/4. Suppose 0 = -i - 2*i + k. Suppose -18 = 2*z - i. What is the remainder when z is divided by 4?
3
Suppose 4*g + 25*g - 2599 = 6*g. What is the remainder when g is divided by 5?
3
Suppose -37*s = -338*s + 14448. Calculate the remainder when 477 is divided by s.
45
Let j be 4/3 + 1639/33. Suppose 286 = 5*l + 3*q, -4*q - 4 = l - j. Calculate the remainder when l is divided by 22.
15
Let z(u) be the first derivative of -u**2/2 + 13*u + 54. Suppose f - 4*f + 42 = 0. What is the remainder when z(-12) is divided by f?
11
Let s(t) = -14*t - 56. Let x(q) = q - 2. Let h(d) = s(d) + 3*x(d). Let y(w) = -w**3 + 21. What is the remainder when h(-17) is divided by y(0)?
20
Suppose 6*b + 180 = 8*b. Suppose 7*f - 12*f + b = 0. Calculate the remainder when 23 is divided by f.
5
Suppose -b + 69 + 4 = -9*y, 2*b + 3*y - 20 = 0. Calculate the remainder when 2183 is divided by b.
17
Let j(a) = 29*a**2 + 96*a - 1446. Calculate the remainder when j(20) is divided by 13.
10
Let s = -3612 - -3785. Calculate the remainder when 833 is divided by s.
141
Let c(a) = 6*a**2 - 221*a + 181. Calculate the remainder when 74 is divided by c(36).
0
Let b(d) = -104*d - 26. What is the remainder when b(-3) is divided by 42?
34
Suppose -3*q - 4*y = q + 744, 3*y = 4*q + 709. Let h = q - -251. Calculate the remainder when h is divided by 26.
18
Let j be 7*(5 - 6) + -707. Let d = -464 - j. What is the remainder when d is divided by 28?
26
Let p(t) = t**2 + 7*t + 13. Let o be p(-12). Suppose -o - 772 = -13*q. What is the remainder when q is divided by 62?
3
Suppose 57*z - 69*z + 72 = 0. Suppose -15 = -a + 4*v + 8, -z = 2*v. What is the remainder when 120 is divided by a?
10
Suppose -4*i - 2*o + 198 = 0, -187*o = 3*i - 191*o - 121. What is the remainder when 151 is divided by i?
10
What is the remainder when 9225/24 + 45/(-120) is divided by 65?
59
Let f = 1060 + -169. Suppose 6*m - f - 1503 = 0. What is the remainder when m is divided by 67?
64
Let k = -355 - -227. Let j be (1 - (-4 + -36))*(2 + -3). Let q = j - k. What is the remainder when q is divided by 22?
21
Let u be ((120/9)/(-4))/((-4)/6). Suppose x + g - u = -x, 3*x + 5*g + 3 = 0. Suppose 7 = x*n - 29. Calculate the remainder when n is divided by 9.
0
Suppose 5*c = -10, -c + 354 = 2*v + 4*c. What is the remainder when v is divided by 12?
2
Suppose 0 = 3*z - 9, 0*f + 2*f + 3 = z. Let h(y) = y**3 + 28. Calculate the remainder when 40/(-50) - (-1076)/20 is divided by h(f).
25
Let x = -1025 + 1036. Let k be (-150)/45*3/(-2). Suppose 0 = 4*q - q + k*l - 52, -5*l + 25 = 0. What is the remainder when x is divided by q?
2
Let m(o) = -6*o**2 - 45*o - 19. What is the remainder when m(-5) is divided by 5?
1
What is the remainder when 478 is divided by (-3556)/(-154) + (-4)/44?
18
Suppose 2*g + k + 4 = 0, 4*k = 5*g + 3*k + 10. Let i be 22/g - (-2 + 0). Calculate the remainder when (-63)/6*(-21)/i*-2 is divided by 26.
23
Let p(l) = 54*l**2 - 413*l + 2427. What is the remainder when p(6) is divided by 20?
13
Suppose -162*c - 386 = -4961 - 4173. Suppose 0*x + 5*x - 115 = 0. What is the remainder when c is divided by x?
8
Let t(u) = -2*u**3 - 74*u**2 - 74*u - 55. What is the remainder when 29 is divided by t(-36)?
12
Let g(r) = 630*r + 8931. Let l = 71 + -41. Calculate the remainder when g(-14) is divided by l.
21
Let x = 15 + 18. What is the remainder when x is divided by 125/100 + (2 - 158/(-8))?
10
Let y(k) = 53*k - 33. Let j(f) = 4*f + 1. Let x(q) = 6*j(q) - y(q). Calculate the remainder when 69 is divided by x(0).
30
Suppose 0*f - 7 = -f. Let d = 20694 - 20671. Calculate the remainder when d is divided by f.
2
Let p be 2 + 14/(-8) - 156590/(-40). Suppose 50*c - 21*c - p = 0. What is the remainder when c is divided by 30?
15
Suppose 5*c - 12*c = -49. What is the remainder when ((-2)/(-3))/((-52)/(-1014)) is divided by c?
6
Let f = 26817 - 19123. Calculate the remainder when f is divided by 52.
50
Suppose -6*t - 858 = -12*t. Suppose -23*j - t = -24*j. What is the remainder when j is divided by 48?
47
Let s(n) be the second derivative of -n**5/20 + n**4/12 + n**3/6 + 30*n**2 - 162*n. Calculate the remainder when s(0) is divided by 20.
0
Let a = -1191 + 1281. Calculate the remainder when a is divided by (-53)/3*(-8 - -5).
37
Suppose -6*b + 258 = -2346. Calculate the remainder when 1307 is divided by b.
5
Calculate the remainder when 1498 is divided by (-11 - (37 - 42)) + (0 - 1 - -23).
10
Let f be ((-26)/65)/((-2)/150). Calculate the remainder when 90 is divided by -20*(-3)/6*f/20.
0
Suppose 333*j = 441*j - 802008. What is the remainder when j is divided by 19?
16
Let i be (-6)/7 + 405/105. Suppose 2 = b, 4*b - 326 = -i*w - 6. What is the remainder when w is divided by 52?
0
Let i = 119958 + -119910. Calculate the remainder when 80*(0 - -3) - 3 is divided by i.
45
Let h(o) be the third derivative of 0 - 1/120*o**6 + 7/30*o**5 + 36*o**2 + 0*o - 3/2*o**3 - 1/2*o**4. What is the remainder when h(12) is divided by 46?
43
Suppose -17*b = -42*b - 585 + 12060. What is the remainder when b is divided by 8?
3
Suppose -10*t = -40*t + 570. Calculate the remainder when 1049 is divided by t.
4
Suppose -3*y + 5*b = y - 1721, 4*y - 1691 = -b. Let w = y + -299. Let x = w - 121. Calculate the remainder when x is divided by 1.
0
Suppose 1591 = 4*d - 165. Calculate the remainder when d is divided by 13 + (96/2)/12.
14
Let s(r) = -705*r - 1011. Calculate the remainder when s(-3) is divided by 55.
4
Suppose v + 67 = 4*w, 2*v - 2*w = -v - 191. Let z = -43 - v. Let y = 28 + 10. Calculate the remainder when y is divided by z.
18
Calculate the remainder when -20*(-215980)/5000 - 4/(-50) is divided by 100.
64
Suppose 90*f = -73*f + 15*f + 11100. Calculate the remainder when 895 is divided by f.
70
Let h be 6/15*(-455)/26. Let r(a) = 7*a**2 - 11*a - 25. What is the remainder when r(h) is divided by 99?
98
Let f(c) = -2*c - 25. Let z be f(-18). Suppose -3*o + 8 = 4*h, -5*h + z = -o + 5*o. Suppose 24 - 152 = -o*y. What is the remainder when y is divided by 12?
8
Let l(r) = -r**3 + 8*r**2 + 19*r + 6. What is the remainder when l(9) is divided by ((-56)/(-20))/(-1*(-4)/10)?
5
Suppose 3*r - 5*k = 12 - 3, 0 = -2*k. Suppose -r*t + 3*z + 225 = 0, -3*t + 2*z = -60 - 167. What is the remainder when t is divided by 13 + 2/((-4)/(-6))?
13
Let b(t) = t**3 + 11*t**2 - 13*t - 1. Let c be b(-12). Suppose -c*o - 5 = 39. Calculate the remainder when (-6)/o + (34/4 - -2) is divided by 7.
5
Suppose 112*a - 31008 = -98*a + 108*a. What is the remainder when a is divided by 31?
25
Let g(o) = -o**2 - 8*o - 3. Suppose -194 = -4*t + 274. Suppose 0 = 2*v, 4*k + 21 = -5*v + t. What is the remainder when k is divided by g(-6)?
6
Suppose -c = 96 - 103. Suppose c*u = -8*u + 90. What is the remainder when 29 is divided by u?
5
What is the remainder when (-3 - 21/(-6) - 1)/((-39)/80106) is divided by 6?
1
Suppose -5*c + 3*c + 5*t = -18, 2*c - 4*t - 20 = 0. What is the remainder when 5962 is divided by c?
12
Suppose 88*w + 83*w = 1898 + 5113. What is the remainder when w is divided by 18?
5
Let s(w) = -238*w**2 - 9*w. Let c be s(-1). Let y = c + 242. What is the remainder when 36 is divided by y?
10
Suppose 18*d = 8*d + 160. Suppose -w - 8 = 5*x, 2*x = 3*w - 2*x - 71. What is the remainder when 972/d + 3 + 4/16 is divided by w?
13
Suppose 0 = d + 56 + 31. Let u = -49 - d. Calculate the remainder when u is divided by 2/(-1)*(2 + -6).
6
Let t(g) = 2*g**2 - 16*g - 238. Calculate the remainder when 262 is divided by t(16).
10
Let a = 4 + 4. 